t is the tens digit of j?
1
Suppose -3*x - 2*p = -90, -p + 17 = x + 4*p. What is the tens digit of x?
3
Let w(v) = 2*v**2 + 13*v + 8. What is the tens digit of w(-8)?
3
What is the tens digit of (2 - 27/12)/(2/(-232))?
2
Suppose -2*k = 4*y - 22, 0 = -6*y + 2*y + 4*k + 4. What is the units digit of (-114)/(-27) + y/(-18)?
4
Let r = 9 - 3. Let t(a) = -a + 9. What is the units digit of t(r)?
3
Suppose -6*v + 578 = -v - c, 2*c = 4*v - 460. Suppose -4*l - 4 = -v. What is the units digit of l?
8
Suppose -5*d + 193 = 2*j - j, 5*j - 830 = 2*d. What is the hundreds digit of j?
1
Suppose -12*a + 726 = -6*a. What is the units digit of a?
1
Let f(j) = -j**3 + j**2. Let o be f(0). Let d be -1 - 4*3/(-6). What is the units digit of 6/d + (2 - o)?
8
What is the units digit of (12/(-16))/((-15)/80)?
4
Let d(v) = 15*v**3 - v**2 + v - 1. Suppose y + 3*j = -3, -3*y = -3*j - 14 - 1. Let s be (-2)/2 + y - 1. What is the units digit of d(s)?
4
Let g be 1 - (3 + -2)*-2. Suppose 5*z - g = 3*c + 20, z = -3*c + 1. What is the tens digit of (-483)/(-28) - c/(-4)?
1
Let z(t) = t**2 - 3*t + 7. Suppose -5*x + 35 = 5*m, x + 3*x = 2*m - 8. What is the tens digit of z(m)?
2
Let v = 123 + -87. Suppose v = -5*j + 196. What is the tens digit of j?
3
Suppose 5*l - 5*u - 150 = 0, -3*l = l - 3*u - 124. What is the units digit of l?
4
Let k be (-15 - -14) + 10/(-2). What is the units digit of k/(-21) + (-556)/(-14)?
0
What is the units digit of (-4)/3 - (-804)/36?
1
Let n = -17 - -20. What is the units digit of n?
3
Let s(z) = -2*z - 2. Let b(u) = -3*u - 4. Let g(i) = 4*b(i) - 9*s(i). What is the tens digit of g(5)?
3
Let p = 97 + -12. What is the tens digit of p?
8
Let t(j) = -j**2 + 12*j - 22. Let b be t(9). Let d = 18 + 17. Suppose 0*h + b*h = d. What is the units digit of h?
7
Let j(v) = v**2 - v. Let u be j(-2). What is the units digit of u/15 + 76/10?
8
Suppose 0 = 6*f - 261 + 63. What is the tens digit of f?
3
Let s(z) = 2*z + 2. What is the units digit of s(14)?
0
Let y be ((-6)/(-10))/(4/20). Suppose u + r - 9 = 0, -2*u = -y*r + 9 - 2. What is the units digit of u?
4
Suppose 0 = -4*z - 0*z + 164. What is the tens digit of z?
4
Let l = 7 - 8. Let c = 2 + l. What is the units digit of c?
1
Let h = 7 - 5. Let i be 0 - -3 - (-4 - -3). What is the units digit of (-1)/h*i/(-2)?
1
Let y(t) = t + 29. What is the tens digit of y(0)?
2
Suppose -1 - 11 = -2*q. What is the units digit of q?
6
Let t(c) be the first derivative of c**3/3 - 2*c**2 + c - 2. What is the units digit of t(4)?
1
Let s(m) = m**3 + 11. Let x be s(0). Let k(h) = -6*h**3 + 4*h**3 - 10*h + h**3 + 19 - x*h**2 - 7. What is the tens digit of k(-10)?
1
Let s(i) = -12*i + 2. What is the tens digit of s(-6)?
7
Let q(v) = v + 6. Let r be q(3). Suppose -3*b - 2*g + 41 = -3*g, 53 = 3*b + 2*g. Let k = b - r. What is the units digit of k?
6
Suppose -2*u + 638 = 4*v, 0 = 4*v + v - 2*u - 820. What is the tens digit of v?
6
Let a = -77 - -164. What is the units digit of a?
7
Let y(c) = c**2 + 22. Let i be y(0). Suppose 10 + i = 4*q. What is the units digit of q?
8
Suppose -k + 72 = -0*h + 2*h, 4*k - 29 = -h. What is the units digit of h?
7
Let l = 4 + -5. What is the tens digit of (0 - -1 - -24) + l?
2
What is the units digit of (-4)/8*(3 + -125)?
1
Let w(y) be the second derivative of 11/2*y**2 + 2*y - 1/6*y**3 + 0. What is the units digit of w(9)?
2
What is the hundreds digit of (64/12)/((-2)/(-48))?
1
Let j be (-2 + 2)/((-2)/(-1)). Let p(z) = z**3 - z**2 + 1. What is the units digit of p(j)?
1
Suppose 12 = 4*b, 10 + 17 = 3*w + 4*b. Let u = 8 - w. What is the units digit of ((-68)/6)/((-2)/u)?
7
Suppose 133 = y + 3. What is the units digit of y?
0
Suppose -7*p + 732 = -829. What is the tens digit of p?
2
What is the tens digit of -3 + -2 + 255 - 2?
4
Let x(w) = 3*w + 13. Let k(y) = -2*y - 14. Let i(v) = -4*k(v) - 3*x(v). What is the tens digit of i(7)?
1
Suppose -3*n = 2*n - 540. What is the hundreds digit of n?
1
Let a be -76*(-1 - 2/(-8)). Suppose -2*q = 5*w - a, -2*q + 0*q - 47 = -3*w. Suppose -f - w = f - 5*x, -4*x = 2*f - 32. What is the units digit of f?
6
Let m = -139 - -199. What is the tens digit of m?
6
Suppose 8*f - 2*z + 20 = 3*f, 4*z - 8 = 2*f. Suppose -5*p + c - 7 = 0, 4*p - 4*c - 6 = p. What is the units digit of -2*(f/p + -3)?
2
Suppose -3*f - 11 + 2 = 0. Let v be -6*(-2 - 5/f). Suppose p - 3*w = 0, -p + v*w - 10 = -2*p. What is the units digit of p?
6
Let g be 4/(-14) - (-640)/(-14). Let q = g - -72. What is the tens digit of q?
2
Suppose p + 4*p = 10. What is the units digit of 6/(6/p) - -9?
1
Let d(h) = h**2 + 4*h - 2. Let t be d(-4). Let o(k) be the second derivative of -k**3 - k**2/2 - k. What is the units digit of o(t)?
1
Let c(s) = s**2 + 1. Let o be c(-4). Suppose -3*i - 3*l - o = l, 3*l = -15. What is the units digit of i?
1
Suppose 8 = 4*v - 8. Suppose p + v*w + 4 - 8 = 0, 2*p + w - 15 = 0. What is the tens digit of 84/p - (-1)/(-2)?
1
Let j(l) = l**2 - 1. Let o be j(-2). Suppose -2*i - 4*f = -6, o = -2*i + 4*f + 1. What is the units digit of i?
1
Let b = -295 - -469. What is the units digit of b?
4
Let z(p) = p - 7. Let m be z(9). Let u(g) = 4*g**2 - 3*g + 2. Let o be u(m). What is the tens digit of ((-16)/o)/((-2)/27)?
1
Let b = 4 + 86. Suppose -b - 18 = -4*j. Suppose -s = -3*o - 5, -j = -4*s + 4*o + 9. What is the tens digit of s?
1
Suppose -3*o = -5*l + 37, 7*l - 9 = 2*l - 4*o. Suppose -5*b = l*c - 90, 37 = 5*b - 2*c - 25. What is the tens digit of b?
1
Let i = 2 + 1. Suppose 2 = i*x - 4. Let y = 4 + x. What is the units digit of y?
6
Suppose -4*h = -5*d + 468, d + h = 66 + 33. What is the tens digit of d?
9
Let g(y) = y**3 - 10*y**2 - y + 12. Let x(m) be the second derivative of m**4/12 + m**3/3 + m**2 - m. Let z be x(-4). What is the units digit of g(z)?
2
Suppose 4*s = 2 + 18. Suppose -12 = 2*w - s*w. What is the units digit of w?
4
Suppose 5*r + 3 = 43. Suppose x - r = -5*g, 7*x - 40 = 2*x - 5*g. What is the units digit of x?
8
Let y be (5 - 3/1)/1. Suppose -1 = 4*u - 3*v - 0, 0 = -4*u + y*v + 2. What is the units digit of u?
2
Suppose 6*m = 2*m. Suppose 5*p - 22 - 13 = m. What is the units digit of p?
7
Let u be (3 - 1)*1/(-2). Let b be (-7 - -3) + 3 - 0. What is the units digit of (b/1 - 2)/u?
3
Let z = -6 + 4. Let y(v) = 3*v - 5. Let q(u) = 3*u - 4. Let c(o) = -3*q(o) + 2*y(o). What is the units digit of c(z)?
8
What is the units digit of (2 - 14)*(-35)/21?
0
Suppose 4*l + q - 58 = 0, -q + 0*q - 62 = -4*l. What is the units digit of (24/l)/((-4)/(-10))?
4
Let a(u) = -2*u + 36*u**2 + 5 - 25*u**2 - 3*u. What is the tens digit of a(2)?
3
Let i = 137 - 88. What is the tens digit of i?
4
Suppose 8*j = 5*j + 15. Suppose 0 = 2*s - j - 7. What is the units digit of s?
6
Suppose 0*m + 3 = 4*g - 5*m, 0 = -g - 2*m + 4. Suppose -2*x - 106 = -5*n, -g*x + 0*x + 26 = n. What is the tens digit of n?
2
Suppose -5*n - 245 = -5*l, l + 16 = -5*n - 205. What is the units digit of ((-10)/(-6))/((-3)/n)?
5
Suppose -68 = -6*l + 5*l. Suppose -8*f + 196 + l = 0. What is the units digit of f?
3
Let r(g) = g**3 - 10*g**2 + 11*g - 17. What is the units digit of r(9)?
1
Suppose 3*l - 12 = -l. Suppose -2*h + l*h = 42. What is the tens digit of h?
4
Let d(a) = 29*a**2 + 2*a - 2. What is the tens digit of d(1)?
2
What is the units digit of (-9)/3 + 3*16?
5
Let q(c) = -c**3 - 11*c**2 - 9*c + 13. Let r be q(-10). Suppose 3*d + 4 = -w, -5*w + 4*w - 14 = -2*d. What is the units digit of (r - (7 + -3))*w?
0
Suppose 0 = -k - 2*k + 66. What is the tens digit of k?
2
What is the tens digit of ((-100)/(-6))/(4/6)?
2
Suppose 0 = h - 4*g - 18 - 14, -2*g = 0. What is the units digit of h?
2
Let b = -4 - -1. Let n be 3 + b - 0/1. Suppose 2*m - 2 = -n. What is the units digit of m?
1
Let f = -12 - -15. Let v(r) = r**3 + r**2 - 3*r - 1. What is the tens digit of v(f)?
2
Let w(m) = m + 2. Let p = 11 - 7. Suppose -u = -p*u + 27. What is the tens digit of w(u)?
1
Suppose y + 1 = 2*g - 0*g, 4*y - 32 = -4*g. Suppose -z - 18 = 2*w, w + 5*z = -g*w - 42. What is the units digit of (w/10)/(2/(-20))?
8
Let i(p) = -p**2 - 8*p + 13. Let m be (2 + 1)/(2/(-4)). Let r be m*((-3)/(-6) - -1). What is the units digit of i(r)?
4
Let d(g) = 18*g**3 + g - 1. Let p(j) = j**2 + 3*j + 3. Let s be p(-2). What is the tens digit of d(s)?
1
What is the tens dig